*2 - 387*l - 16561. Give t(-49).
1
Let w(z) = z**2 + 50*z + 382. What is w(-35)?
-143
Let m(y) = -3*y**3 - 240*y**2 - 482*y - 1104. Determine m(-78).
-12
Let p(d) = 404*d + 147052. Determine p(-364).
-4
Let p(w) = -13*w + 769. Calculate p(62).
-37
Let i(a) = a**2 - 27*a - 6. What is i(-10)?
364
Let y(g) = -g**3 - 28*g**2 - 181*g - 18. What is y(-18)?
0
Let r(q) = -q**3 - 147*q**2 + 762*q + 297. Give r(-152).
-7
Let i(d) = -d**2 - 210*d + 10320. Determine i(41).
29
Let w(p) = p**3 - 58*p**2 - 3*p + 163. What is w(58)?
-11
Let w(q) = -9*q**2 - 2*q + 21. Determine w(-5).
-194
Let w(k) = 38*k**3 + 176*k**2 + 93*k - 12. Give w(-4).
0
Let t(d) = -d**3 - 67*d**2 - 135*d + 10. What is t(-65)?
335
Let v(i) = -67*i + 1989. Calculate v(34).
-289
Let q(c) = c**3 - 99*c**2 - 194*c - 821. Calculate q(101).
-13
Let f(s) = -12*s**2 - 134*s - 133. Calculate f(-10).
7
Let g(k) = -k**3 - 8*k**2 + 4*k - 15. Determine g(-9).
30
Let f(z) = -20*z - 140. Determine f(-18).
220
Let q(j) = 7*j - 92. Give q(18).
34
Let i(t) = t**2 - 76*t - 459. Give i(83).
122
Let l(m) = -64*m - 126. Calculate l(-2).
2
Let x(u) = -141*u + 4794. Give x(34).
0
Let j(w) = -w**3 - 9*w**2 - 49*w - 132. What is j(-5)?
13
Let c(b) = -b**3 - 6*b**2 + 3*b - 29. Calculate c(-7).
-1
Let l(o) = 51*o - 739. Give l(15).
26
Let z(f) = 1211*f**2 + 4843*f + 4. Determine z(-4).
8
Let m(a) = -a**2 + a + 50. Give m(9).
-22
Let u(o) = 3212*o + 12867. What is u(-4)?
19
Let s(p) = p**2 + 87*p + 665. Calculate s(-9).
-37
Let a(s) = -1212*s + 7266. Give a(6).
-6
Let z(y) = -y**2 - 6*y + 472. Give z(19).
-3
Let o(y) = -2*y**3 - 27*y**2 + 28*y + 15. What is o(-13)?
-518
Let k(f) = -4*f**3 - 49*f**2 - 2*f + 135. What is k(-12)?
15
Let i(w) = 34*w**3 + w**2 - 45*w - 47. Give i(-1).
-35
Let l(x) = -x**3 + 190*x**2 - 6212*x - 588. Give l(148).
4
Let p(r) = 15*r - 31. Calculate p(-5).
-106
Let r(p) = -853*p - 268701. Determine r(-315).
-6
Let q(f) = 17*f - 380. Determine q(23).
11
Let z(q) = q**3 + 9*q**2 + 38*q - 1. Give z(-7).
-169
Let j(h) = -278*h + 102. What is j(-1)?
380
Let s(l) = 80*l - 2172. Calculate s(26).
-92
Let v(i) = -6*i**2 + 16*i + 34. Give v(4).
2
Let i(s) = -16*s - 226. What is i(-18)?
62
Let s(o) = -14*o - 124. What is s(-10)?
16
Let k(u) = 93*u + 535. Determine k(-6).
-23
Let u(i) = 396*i - 74054. Give u(187).
-2
Let m(d) = -3*d**3 - 9*d**2 + d + 8. Calculate m(-3).
5
Let d(y) = -63*y - 464. What is d(-7)?
-23
Let w(g) = -333*g + 66942. Calculate w(201).
9
Let k(z) = 8*z**2 - 574*z - 177. Calculate k(72).
-33
Let z(q) = -13*q**3 + 115*q**2 - 9*q + 186. Determine z(9).
-57
Let d(w) = w**2 - 55*w + 380. Give d(8).
4
Let q(y) = y**2 - 34*y + 299. Calculate q(17).
10
Let j(p) = 316*p - 9490. Give j(30).
-10
Let k(g) = g**2 - 251*g + 14823. Give k(95).
3
Let k(g) = 23*g - 196. Determine k(7).
-35
Let p(f) = -6*f**2 + 17*f + 49. Determine p(-3).
-56
Let p(q) = q**3 - 13*q**2 - 29*q - 4. Give p(15).
11
Let w(t) = -t**2 - 563*t - 26113. Calculate w(-51).
-1
Let u(d) = -d**2 + 94*d - 1610. Give u(71).
23
Let o(a) = 21*a - 14. What is o(1)?
7
Let h(a) = 17*a**3 - 123*a**2 + 30*a - 21. Determine h(7).
-7
Let x(o) = 82*o - 48. Give x(7).
526
Let x(h) = -45*h - 351. Determine x(-8).
9
Let h(u) = -u**3 + 175. What is h(0)?
175
Let t(i) = i**3 + 64*i**2 - 6*i - 378. Calculate t(-64).
6
Let g(s) = 5*s - 191. What is g(-60)?
-491
Let z(j) = 437*j - 13978. Give z(32).
6
Let r(m) = m**3 - 49*m**2 - 73*m + 1158. Give r(50).
8
Let t(x) = 125*x - 115. Determine t(1).
10
Let o(k) = -12*k**2 + 326*k + 9. What is o(26)?
373
Let z(k) = 25*k + 213. Give z(-18).
-237
Let b(i) = 50*i + 1009. Give b(-20).
9
Let l(u) = -400*u + 3595. Determine l(9).
-5
Let n(v) = -v**3 + 75*v**2 - 75*v + 76. What is n(74)?
2
Let m(v) = 2561*v + 5116. Determine m(-2).
-6
Let b(f) = 38*f + 443. Calculate b(-12).
-13
Let q(n) = 2*n**3 + 78*n**2 + 3*n + 109. Give q(-39).
-8
Let s(z) = 19*z**2 + 175*z - 149. Give s(-10).
1
Let q(d) = d**3 - 31*d**2 + 55*d - 647. What is q(30)?
103
Let f(j) = -27*j**2 + 157*j - 20. Give f(7).
-244
Let r(b) = -48*b - 1774. Give r(-32).
-238
Let q(u) = u**2 + 27*u + 71. Calculate q(-3).
-1
Let t(d) = -d**2 + 29*d - 30. Calculate t(28).
-2
Let x(b) = 8*b**2 + 200*b - 658. Calculate x(-28).
14
Let u(b) = -b**2 + b + 343. Determine u(20).
-37
Let o(y) = -4*y**3 - 607*y**2 - 1050*y + 1. What is o(-150)?
1
Let d(r) = r**2 + 66*r + 1095. Calculate d(-40).
55
Let v(d) = -64*d - 966. Calculate v(-14).
-70
Let l(p) = -262*p + 29090. What is l(111)?
8
Let p(f) = -2*f**3 - 27*f**2 - 58*f + 5. Determine p(-11).
38
Let t(l) = -15*l - 132. Determine t(-11).
33
Let v(j) = -479*j - 56519. What is v(-118)?
3
Let h(d) = 37*d**2 + 9583*d - 27. What is h(-259)?
-27
Let k(f) = -f**3 - 35*f**2 - 140*f + 983. Give k(-29).
-3
Let s(t) = 494*t + 5416. What is s(-11)?
-18
Let s(i) = 5*i**2 - 88*i + 4. Give s(19).
137
Let n(r) = -r**3 + 185*r**2 + 559*r + 933. What is n(188)?
-7
Let l(b) = -2*b**3 + 17*b**2 - 55*b + 40. Calculate l(3).
-26
Let u(t) = -18*t**2 - 907*t - 335. Give u(-50).
15
Let q(m) = 603*m - 6048. What is q(10)?
-18
Let v(w) = 99*w + 726. What is v(-14)?
-660
Let l(d) = 2*d + 118. Calculate l(-44).
30
Let a(l) = -3*l**2 + 189*l - 1445. What is a(9)?
13
Let k(l) = l**2 + 74*l + 1143. Determine k(-52).
-1
Let z(v) = v**3 + 48*v**2 + 36. Calculate z(-48).
36
Let k(y) = y**2 + 1764*y + 24532. Calculate k(-14).
32
Let j(v) = -4*v**2 + 2361*v + 4709. Give j(-2).
-29
Let o(p) = p**3 + 50*p**2 - 105*p - 39. Give o(-52).
13
Let b(o) = 18*o + 291. Calculate b(-19).
-51
Let c(w) = -224*w + 12107. Calculate c(54).
11
Let d(z) = -z**2 - 10*z - 78. What is d(-10)?
-78
Let m(r) = 3961*r + 23775. What is m(-6)?
9
Let k(p) = -2*p**2 - 33*p - 5. Give k(-15).
40
Let c(r) = -3*r**3 + 372*r**2 + 5*r - 626. What is c(124)?
-6
Let j(g) = -944*g + 52853. Calculate j(56).
-11
Let z(b) = 1601*b - 16003. Determine z(10).
7
Let b(v) = -65*v + 68. Calculate b(1).
3
Let v(y) = -14*y**2 - 70*y - 141. Determine v(-2).
-57
Let r(l) = -14*l + 215. Give r(24).
-121
Let x(y) = -y**3 - y**2 - 29*y + 597. Determine x(7).
2
Let x(h) = -19*h - 1758. Calculate x(-91).
-29
Let u(w) = 9*w**2 - 386*w + 6. What is u(3)?
-1071
Let s(q) = -1393*q + 12410. Determine s(9).
-127
Let t(a) = -7*a**2 - 94*a - 259. Determine t(-3).
-40
Let f(h) = 36*h**2 - 815*h + 495. What is f(22)?
-11
Let o(i) = -44*i + 16. Give o(2).
-72
Let t(z) = -2*z**2 + 20*z + 69. Calculate t(-6).
-123
Let k(h) = -30*h - 280. Give k(-10).
20
Let b(r) = -4*r**2 - 84*r + 43. Determine b(0).
43
Let a(l) = -l**3 + 9*l**2 + 289*l - 32. Calculate a(22).
34
Let v(l) = -6*l**2 - 838*l + 1130. Give v(-141).
2
Let b(k) = 4844*k - 24210. Calculate b(5).
10
Let k(q) = -2*q**2 + 51*q + 330. Calculate k(31).
-11
Let r(w) = 5*w**3 + 38*w**2 - 8*w - 18. Determine r(-6).
318
Let w(q) = -2*q**2 - 60*q + 124. Give w(-32).
-4
Let v(y) = y**3 + 9*y**2 - 5*y - 37. Calculate v(-9).
8
Let b(w) = w**2 + 39*w - 64. Determine b(-42).
62
Let m(y) = 3*y**3 + 160*y**2 - 109*y - 71. Give m(-54).
-17
Let t(k) = -214*k + 14. Give t(1).
-200
Let h(w) = -w**2 + 4*w + 337. Calculate h(22).
-59
Let y(h) = 10852*h - 65112. Determine y(6).
0
Let a(z) = 47*z - 191. Determine a(6).
91
Let x(a) = -79*a + 13217. Determine x(166).
103
Let b(q) = -8*q**3 + 15*q**2 - 21*q + 42. Calculate b(2).
-4
Let o(l) = -2*l**2 + 10*l + 161. Calculate o(6).
149
Let a(v) = 2*v**2 + 97*v - 287. What is a(-51)?
-32
Let c(s) = -139*s**2 + 1668*s - 5. What is c(12)?
-5
Let l(v) = v**2 + 232*v + 3628. Determine l(-17).
-27
Let l(n) = -2*n**3 - 18*n**2 - 19*n - 1. Determine l(-9).
170
Let g(s) = 2*s**3 - 22*s**2 - 103*s - 4. Determine g(-4).
-72
Let a(k) = -k**2 - 290*k - 1983. Calculate a(-7).
-2
Let t(j) = -2*j**3 - 5*j**2 + 2*j + 9. Determine t(2).
-23
Let b(u) = 922*u + 5540. Calculate b(-6).
8
Let j(y) = -27*y**2 + 98*y + 281. Determine j(6).
-103
Let t(w) = -2039*w - 14267. Calculate t(-7).
6
Let j(g) = -2*g - 43. Determine j(-26).
9
Let g(d) = 3*d + 133. What is g(-20)?
73
Let a(n) = 84*n + 337. Determine a(-5).
-83
Let q(z) = -51*z + 193. Determine q(4).
-11
Let x(p) = -p**2 - 68*p + 486. Calculate x(7).
-39
Let s(p) = p**3 - 30*p**2 + 156*p - 62. Calculate s(23).
-177
Let z(l) = -6*l**3 - 32*l**2 + 280*l + 1557. What is z(-6)?
21
Let r(i) = -3*i**2 - 314*i +